{"id":61,"date":"2020-01-23T18:21:52","date_gmt":"2020-01-23T18:21:52","guid":{"rendered":"https:\/\/demosites.io\/web-agency-gb\/?page_id=61"},"modified":"2023-11-22T12:24:56","modified_gmt":"2023-11-22T17:24:56","slug":"15c42-web-agency-gb-about-us","status":"publish","type":"page","link":"https:\/\/www.insetk.com\/index.php\/15c42-web-agency-gb-about-us\/","title":{"rendered":"About Us"},"content":{"rendered":"\n<div class=\"wp-block-cover alignfull\" style=\"min-height:300px;aspect-ratio:unset;\"><span aria-hidden=\"true\" class=\"wp-block-cover__background has-nv-site-bg-background-color has-background-dim-100 has-background-dim\"><\/span><div class=\"wp-block-cover__inner-container is-layout-flow wp-block-cover-is-layout-flow\">\n<div class=\"wp-block-group\"><div class=\"wp-block-group__inner-container is-layout-flow wp-block-group-is-layout-flow\">\n<h1 class=\"wp-block-heading has-text-align-left has-neve-text-color-color has-text-color\">Nosotros<\/h1>\n<\/div><\/div>\n<\/div><\/div>\n\n\n\n<div class=\"wp-block-cover alignfull\" style=\"min-height:600px;aspect-ratio:unset;\"><span aria-hidden=\"true\" class=\"wp-block-cover__background has-nv-light-bg-background-color has-background-dim-100 has-background-dim\"><\/span><div class=\"wp-block-cover__inner-container is-layout-flow wp-block-cover-is-layout-flow\">\n<div class=\"wp-block-group\"><div class=\"wp-block-group__inner-container is-layout-flow wp-block-group-is-layout-flow\">\n<div style=\"height:80px\" aria-hidden=\"true\" class=\"wp-block-spacer\"><\/div>\n\n\n\n<div class=\"wp-block-columns are-vertically-aligned-center has-neve-text-color-color has-text-color is-layout-flex wp-container-core-columns-is-layout-9d6595d7 wp-block-columns-is-layout-flex\">\n<div class=\"wp-block-column is-vertically-aligned-center is-layout-flow wp-block-column-is-layout-flow\" style=\"flex-basis:50%\">\n<figure class=\"wp-block-image size-large\"><img loading=\"lazy\" decoding=\"async\" width=\"1024\" height=\"617\" src=\"http:\/\/insetk.it2com.net\/wp-content\/uploads\/2023\/11\/job-5382501_1280-1024x617.jpg\" alt=\"\" class=\"wp-image-380\" srcset=\"https:\/\/www.insetk.com\/wp-content\/uploads\/2023\/11\/job-5382501_1280-1024x617.jpg 1024w, https:\/\/www.insetk.com\/wp-content\/uploads\/2023\/11\/job-5382501_1280-300x181.jpg 300w, https:\/\/www.insetk.com\/wp-content\/uploads\/2023\/11\/job-5382501_1280-768x463.jpg 768w, https:\/\/www.insetk.com\/wp-content\/uploads\/2023\/11\/job-5382501_1280.jpg 1280w\" sizes=\"auto, (max-width: 1024px) 100vw, 1024px\" \/><\/figure>\n<\/div>\n\n\n\n<div class=\"wp-block-column is-vertically-aligned-center is-layout-flow wp-block-column-is-layout-flow\" style=\"flex-basis:50%\">\n<h2 class=\"wp-block-heading has-neve-text-color-color has-text-color\">Quienes Somos<\/h2>\n\n\n\n<p class=\"has-neve-text-color-color has-text-color\">INSETK S.A. es una empresa integradora de sistemas de seguridad tecnolog\u00eda, trabajando de la mano con el cliente, para solucionar sus problemas y requerimientos de los diferentes \u00e1mbitos. INSETK S.A., realiza el dise\u00f1o, comercializaci\u00f3n, instalaci\u00f3n e integraci\u00f3n sistemas de detecci\u00f3n de incendio, sistemas de CCTV an\u00e1logos e IP, sistemas de control de accesos y control de personal, sistemas de seguridad perimetral y alarmas, sistema de voceo, entre otros.<\/p>\n\n\n\n<p><\/p>\n\n\n\n<p><\/p>\n\n\n\n<p class=\"has-neve-text-color-color has-text-color\"><\/p>\n<\/div>\n<\/div>\n\n\n\n<div style=\"height:40px\" aria-hidden=\"true\" class=\"wp-block-spacer\"><\/div>\n\n\n\n<div class=\"wp-block-group\"><div class=\"wp-block-group__inner-container is-layout-flow wp-block-group-is-layout-flow\">\n<div style=\"height:80px\" aria-hidden=\"true\" class=\"wp-block-spacer\"><\/div>\n\n\n\n<div class=\"wp-block-columns are-vertically-aligned-center has-neve-text-color-color has-text-color is-layout-flex wp-container-core-columns-is-layout-9d6595d7 wp-block-columns-is-layout-flex\">\n<div class=\"wp-block-column is-vertically-aligned-center is-layout-flow wp-block-column-is-layout-flow\" style=\"flex-basis:50%\">\n<figure class=\"wp-block-image size-large\"><img loading=\"lazy\" decoding=\"async\" width=\"1024\" height=\"683\" src=\"http:\/\/insetk.it2com.net\/wp-content\/uploads\/2023\/11\/pexels-ivan-samkov-7213192-1024x683.jpg\" alt=\"\" class=\"wp-image-375\" srcset=\"https:\/\/www.insetk.com\/wp-content\/uploads\/2023\/11\/pexels-ivan-samkov-7213192-1024x683.jpg 1024w, https:\/\/www.insetk.com\/wp-content\/uploads\/2023\/11\/pexels-ivan-samkov-7213192-300x200.jpg 300w, https:\/\/www.insetk.com\/wp-content\/uploads\/2023\/11\/pexels-ivan-samkov-7213192-768x512.jpg 768w, https:\/\/www.insetk.com\/wp-content\/uploads\/2023\/11\/pexels-ivan-samkov-7213192-1536x1024.jpg 1536w, https:\/\/www.insetk.com\/wp-content\/uploads\/2023\/11\/pexels-ivan-samkov-7213192-2048x1365.jpg 2048w, https:\/\/www.insetk.com\/wp-content\/uploads\/2023\/11\/pexels-ivan-samkov-7213192-930x620.jpg 930w\" sizes=\"auto, (max-width: 1024px) 100vw, 1024px\" \/><\/figure>\n<\/div>\n\n\n\n<div class=\"wp-block-column is-vertically-aligned-center is-layout-flow wp-block-column-is-layout-flow\" style=\"flex-basis:50%\">\n<h2 class=\"wp-block-heading has-neve-text-color-color has-text-color\">Soluciones Inteligentes<\/h2>\n\n\n\n<p class=\"has-neve-text-color-color has-text-color\">INSETK S. A, l\u00edder en soluciones tecnol\u00f3gicas para la seguridad, se especializa en la implementaci\u00f3n de sistemas de vanguardia dise\u00f1ados para garantizar la autenticidad de documentos de identificaci\u00f3n clave, como pasaportes, c\u00e9dulas, licencias de conducir, entre otros. Nuestra experiencia se extiende al desarrollo y la comercializaci\u00f3n de soluciones innovadoras que incorporan tecnolog\u00edas de \u00faltima generaci\u00f3n, asegurando la m\u00e1xima precisi\u00f3n y confiabilidad en la verificaci\u00f3n de documentos. <\/p>\n\n\n\n<p><\/p>\n\n\n\n<p><\/p>\n\n\n\n<p class=\"has-neve-text-color-color has-text-color\"><\/p>\n<\/div>\n<\/div>\n\n\n\n<div style=\"height:40px\" aria-hidden=\"true\" class=\"wp-block-spacer\"><\/div>\n<\/div><\/div>\n<\/div><\/div>\n<\/div><\/div>\n","protected":false},"excerpt":{"rendered":"","protected":false},"author":1,"featured_media":0,"parent":0,"menu_order":0,"comment_status":"closed","ping_status":"closed","template":"","meta":{"neve_meta_sidebar":"default","neve_meta_container":"default","neve_meta_enable_content_width":"on","neve_meta_content_width":100,"neve_meta_title_alignment":"","neve_meta_author_avatar":"","neve_post_elements_order":"","neve_meta_disable_header":"","neve_meta_disable_footer":"","neve_meta_disable_title":"on","_themeisle_gutenberg_block_has_review":false,"_ti_tpc_template_sync":false,"_ti_tpc_template_id":"eex7gnweb2m8vo93cr1g","footnotes":""},"class_list":["post-61","page","type-page","status-publish","hentry"],"_links":{"self":[{"href":"https:\/\/www.insetk.com\/index.php\/wp-json\/wp\/v2\/pages\/61","targetHints":{"allow":["GET"]}}],"collection":[{"href":"https:\/\/www.insetk.com\/index.php\/wp-json\/wp\/v2\/pages"}],"about":[{"href":"https:\/\/www.insetk.com\/index.php\/wp-json\/wp\/v2\/types\/page"}],"author":[{"embeddable":true,"href":"https:\/\/www.insetk.com\/index.php\/wp-json\/wp\/v2\/users\/1"}],"replies":[{"embeddable":true,"href":"https:\/\/www.insetk.com\/index.php\/wp-json\/wp\/v2\/comments?post=61"}],"version-history":[{"count":5,"href":"https:\/\/www.insetk.com\/index.php\/wp-json\/wp\/v2\/pages\/61\/revisions"}],"predecessor-version":[{"id":402,"href":"https:\/\/www.insetk.com\/index.php\/wp-json\/wp\/v2\/pages\/61\/revisions\/402"}],"wp:attachment":[{"href":"https:\/\/www.insetk.com\/index.php\/wp-json\/wp\/v2\/media?parent=61"}],"curies":[{"name":"wp","href":"https:\/\/api.w.org\/{rel}","templated":true}]}}